{"id":14,"date":"2023-10-23T18:34:09","date_gmt":"2023-10-23T16:34:09","guid":{"rendered":"http:\/\/gornoslaskiestowarzyszeniewspolnota.pl\/?page_id=14"},"modified":"2025-09-29T11:29:52","modified_gmt":"2025-09-29T09:29:52","slug":"home","status":"publish","type":"page","link":"https:\/\/gornoslaskiestowarzyszeniewspolnota.pl\/","title":{"rendered":"Home"},"content":{"rendered":"\t\t<div data-elementor-type=\"wp-page\" data-elementor-id=\"14\" class=\"elementor elementor-14\" data-elementor-post-type=\"page\">\n\t\t\t\t<div class=\"elementor-element elementor-element-9303ad1 e-flex e-con-boxed e-con e-parent\" data-id=\"9303ad1\" data-element_type=\"container\" data-settings=\"{&quot;background_background&quot;:&quot;classic&quot;}\">\n\t\t\t\t\t<div class=\"e-con-inner\">\n\t\t\t\t<div class=\"elementor-element elementor-element-6a1df6b elementor-widget elementor-widget-heading\" data-id=\"6a1df6b\" data-element_type=\"widget\" data-widget_type=\"heading.default\">\n\t\t\t\t<div class=\"elementor-widget-container\">\n\t\t\t\t\t<h2 class=\"elementor-heading-title elementor-size-default\">Zanim przejdziemy<br>\ndo gry zr\u00f3bmy test:<\/h2>\t\t\t\t<\/div>\n\t\t\t\t<\/div>\n\t\t\t\t<div class=\"elementor-element elementor-element-509d9c4 elementor-widget elementor-widget-heading\" data-id=\"509d9c4\" data-element_type=\"widget\" data-widget_type=\"heading.default\">\n\t\t\t\t<div class=\"elementor-widget-container\">\n\t\t\t\t\t<h2 class=\"elementor-heading-title elementor-size-default\">JA i TY<\/h2>\t\t\t\t<\/div>\n\t\t\t\t<\/div>\n\t\t\t\t<div class=\"elementor-element elementor-element-74fd179 elementor-widget elementor-widget-heading\" data-id=\"74fd179\" data-element_type=\"widget\" data-widget_type=\"heading.default\">\n\t\t\t\t<div class=\"elementor-widget-container\">\n\t\t\t\t\t<h2 class=\"elementor-heading-title elementor-size-default\">BEZP\u0141ATNE I ANONIMOWE TESTY<br> W KIERUNKU HIV, HCV, KI\u0141Y<\/h2>\t\t\t\t<\/div>\n\t\t\t\t<\/div>\n\t\t\t\t\t<\/div>\n\t\t\t\t<\/div>\n\t\t<div class=\"elementor-element elementor-element-6fb27f4 e-flex e-con-boxed e-con e-parent\" data-id=\"6fb27f4\" data-element_type=\"container\">\n\t\t\t\t\t<div class=\"e-con-inner\">\n\t\t\t\t<div class=\"elementor-element elementor-element-c3055f7 elementor-widget elementor-widget-image\" data-id=\"c3055f7\" data-element_type=\"widget\" data-widget_type=\"image.default\">\n\t\t\t\t<div class=\"elementor-widget-container\">\n\t\t\t\t\t\t\t\t\t\t\t\t\t\t\t<img decoding=\"async\" width=\"149\" height=\"149\" src=\"https:\/\/gornoslaskiestowarzyszeniewspolnota.pl\/wp-content\/uploads\/2023\/10\/mapa-1.png\" class=\"attachment-large size-large wp-image-18\" alt=\"\" \/>\t\t\t\t\t\t\t\t\t\t\t\t\t\t\t<\/div>\n\t\t\t\t<\/div>\n\t\t<div class=\"elementor-element elementor-element-eb63926 e-flex e-con-boxed e-con e-child\" data-id=\"eb63926\" data-element_type=\"container\">\n\t\t\t\t\t<div class=\"e-con-inner\">\n\t\t\t\t<div class=\"elementor-element elementor-element-3fb07ec elementor-widget elementor-widget-heading\" data-id=\"3fb07ec\" data-element_type=\"widget\" data-widget_type=\"heading.default\">\n\t\t\t\t<div class=\"elementor-widget-container\">\n\t\t\t\t\t<h2 class=\"elementor-heading-title elementor-size-default\">NAJBLI\u017bSZY PUNKT \nKONSULTACYJNO \u2013 DIAGNOSTYCZNY:\n<\/h2>\t\t\t\t<\/div>\n\t\t\t\t<\/div>\n\t\t\t\t<div class=\"elementor-element elementor-element-4e2f905 elementor-widget elementor-widget-text-editor\" data-id=\"4e2f905\" data-element_type=\"widget\" data-widget_type=\"text-editor.default\">\n\t\t\t\t<div class=\"elementor-widget-container\">\n\t\t\t\t\t\t\t\t\t<p>Chorz\u00f3w, Zjednoczenia 10 <br \/>Tel. 32 34 63 611<br \/>Kieruj si\u0119 na\u2028Szpital Specjalistyczny w Chorzowie \u2028budynek IV, gabinet nr 6.<\/p>\t\t\t\t\t\t\t\t<\/div>\n\t\t\t\t<\/div>\n\t\t\t\t\t<\/div>\n\t\t\t\t<\/div>\n\t\t\t\t\t<\/div>\n\t\t\t\t<\/div>\n\t\t<div class=\"elementor-element elementor-element-b6e3354 e-con-full e-flex e-con e-parent\" data-id=\"b6e3354\" data-element_type=\"container\">\n\t\t\t\t<div class=\"elementor-element elementor-element-88438b9 elementor-widget-divider--view-line elementor-widget elementor-widget-divider\" data-id=\"88438b9\" data-element_type=\"widget\" data-widget_type=\"divider.default\">\n\t\t\t\t<div class=\"elementor-widget-container\">\n\t\t\t\t\t\t\t<div class=\"elementor-divider\">\n\t\t\t<span class=\"elementor-divider-separator\">\n\t\t\t\t\t\t<\/span>\n\t\t<\/div>\n\t\t\t\t\t\t<\/div>\n\t\t\t\t<\/div>\n\t\t\t\t<\/div>\n\t\t<div class=\"elementor-element elementor-element-4369cf6 e-con-full e-flex e-con e-parent\" data-id=\"4369cf6\" data-element_type=\"container\">\n\t\t\t\t<div class=\"elementor-element elementor-element-0e26b0d elementor-widget elementor-widget-heading\" data-id=\"0e26b0d\" data-element_type=\"widget\" data-widget_type=\"heading.default\">\n\t\t\t\t<div class=\"elementor-widget-container\">\n\t\t\t\t\t<h2 class=\"elementor-heading-title elementor-size-default\">Test w kierunku HIV\n<\/h2>\t\t\t\t<\/div>\n\t\t\t\t<\/div>\n\t\t<div class=\"elementor-element elementor-element-1629eb3 e-con-full e-flex e-con e-child\" data-id=\"1629eb3\" data-element_type=\"container\">\n\t\t\t\t<div class=\"elementor-element elementor-element-012f2f1 elementor-widget elementor-widget-image\" data-id=\"012f2f1\" data-element_type=\"widget\" data-widget_type=\"image.default\">\n\t\t\t\t<div class=\"elementor-widget-container\">\n\t\t\t\t\t\t\t\t\t\t\t\t\t\t\t<img decoding=\"async\" width=\"61\" height=\"61\" src=\"https:\/\/gornoslaskiestowarzyszeniewspolnota.pl\/wp-content\/uploads\/2023\/10\/ok-1.png\" class=\"attachment-large size-large wp-image-30\" alt=\"\" \/>\t\t\t\t\t\t\t\t\t\t\t\t\t\t\t<\/div>\n\t\t\t\t<\/div>\n\t\t\t\t<div class=\"elementor-element elementor-element-82bf4c8 elementor-widget elementor-widget-heading\" data-id=\"82bf4c8\" data-element_type=\"widget\" data-widget_type=\"heading.default\">\n\t\t\t\t<div class=\"elementor-widget-container\">\n\t\t\t\t\t<span class=\"elementor-heading-title elementor-size-default\">bez skierowania<\/span>\t\t\t\t<\/div>\n\t\t\t\t<\/div>\n\t\t\t\t<div class=\"elementor-element elementor-element-e455d77 elementor-widget elementor-widget-image\" data-id=\"e455d77\" data-element_type=\"widget\" data-widget_type=\"image.default\">\n\t\t\t\t<div class=\"elementor-widget-container\">\n\t\t\t\t\t\t\t\t\t\t\t\t\t\t\t<img decoding=\"async\" width=\"61\" height=\"61\" src=\"https:\/\/gornoslaskiestowarzyszeniewspolnota.pl\/wp-content\/uploads\/2023\/10\/ok-1.png\" class=\"attachment-large size-large wp-image-30\" alt=\"\" \/>\t\t\t\t\t\t\t\t\t\t\t\t\t\t\t<\/div>\n\t\t\t\t<\/div>\n\t\t\t\t<div class=\"elementor-element elementor-element-08b30ff elementor-widget elementor-widget-heading\" data-id=\"08b30ff\" data-element_type=\"widget\" data-widget_type=\"heading.default\">\n\t\t\t\t<div class=\"elementor-widget-container\">\n\t\t\t\t\t<span class=\"elementor-heading-title elementor-size-default\">anonimowo<\/span>\t\t\t\t<\/div>\n\t\t\t\t<\/div>\n\t\t\t\t<div class=\"elementor-element elementor-element-6ddd74d elementor-widget elementor-widget-image\" data-id=\"6ddd74d\" data-element_type=\"widget\" data-widget_type=\"image.default\">\n\t\t\t\t<div class=\"elementor-widget-container\">\n\t\t\t\t\t\t\t\t\t\t\t\t\t\t\t<img decoding=\"async\" width=\"61\" height=\"61\" src=\"https:\/\/gornoslaskiestowarzyszeniewspolnota.pl\/wp-content\/uploads\/2023\/10\/ok-1.png\" class=\"attachment-large size-large wp-image-30\" alt=\"\" \/>\t\t\t\t\t\t\t\t\t\t\t\t\t\t\t<\/div>\n\t\t\t\t<\/div>\n\t\t\t\t<div class=\"elementor-element elementor-element-45df829 elementor-widget elementor-widget-heading\" data-id=\"45df829\" data-element_type=\"widget\" data-widget_type=\"heading.default\">\n\t\t\t\t<div class=\"elementor-widget-container\">\n\t\t\t\t\t<span class=\"elementor-heading-title elementor-size-default\">bezp\u0142atnie<\/span>\t\t\t\t<\/div>\n\t\t\t\t<\/div>\n\t\t\t\t<\/div>\n\t\t\t\t<\/div>\n\t\t<div class=\"elementor-element elementor-element-cfb38c6 e-flex e-con-boxed e-con e-parent\" data-id=\"cfb38c6\" data-element_type=\"container\">\n\t\t\t\t\t<div class=\"e-con-inner\">\n\t\t\t\t<div class=\"elementor-element elementor-element-66d7b76 elementor-widget elementor-widget-text-editor\" data-id=\"66d7b76\" data-element_type=\"widget\" data-widget_type=\"text-editor.default\">\n\t\t\t\t<div class=\"elementor-widget-container\">\n\t\t\t\t\t\t\t\t\t<p>Wa\u017cne jest wykonanie testu, gdy\u017c tylko w ten spos\u00f3b mo\u017cna dowiedzie\u0107 si\u0119 czy jest si\u0119 zaka\u017conym, czy nie. Istotny jest fakt, \u017ce wynik testu dotyczy tylko osoby, kt\u00f3ra go wykona\u0142a \u2013 partner sam musi zrobi\u0107 test, \u017ceby stwierdzi\u0107 czy jest zaka\u017cony, czy nie.<br \/>Test mo\u017cna bezp\u0142atnie i anonimowo wykona\u0107 w punktach konsultacyjno-diagnostycznych ds. HIV\/AIDS).<\/p><p>Korzy\u015bci p\u0142yn\u0105ce z wykonania testu s\u0105 ogromne (r\u00f3wnie\u017c w przypadku wyniku dodatniego \u2013 zdecydowanie lepiej jest wiedzie\u0107 o zaka\u017ceniu HIV i podj\u0105\u0107 skuteczne leczenie ni\u017c \u017cy\u0107 w nie\u015bwiadomo\u015bci i pozwoli\u0107 mu si\u0119 rozwija\u0107)<\/p>\t\t\t\t\t\t\t\t<\/div>\n\t\t\t\t<\/div>\n\t\t\t\t\t<\/div>\n\t\t\t\t<\/div>\n\t\t<div class=\"elementor-element elementor-element-2b35069 e-flex e-con-boxed e-con e-parent\" data-id=\"2b35069\" data-element_type=\"container\">\n\t\t\t\t\t<div class=\"e-con-inner\">\n\t\t\t\t<div class=\"elementor-element elementor-element-8696640 elementor-widget elementor-widget-button\" data-id=\"8696640\" data-element_type=\"widget\" data-widget_type=\"button.default\">\n\t\t\t\t<div class=\"elementor-widget-container\">\n\t\t\t\t\t\t\t\t\t<div class=\"elementor-button-wrapper\">\n\t\t\t\t\t<a class=\"elementor-button elementor-button-link elementor-size-sm\" href=\"https:\/\/aids.gov.pl\/pkd\/\">\n\t\t\t\t\t\t<span class=\"elementor-button-content-wrapper\">\n\t\t\t\t\t\t\t\t\t<span class=\"elementor-button-text\">SPRAWD\u0179 <br> GDZIE BEZP\u0141ATNIE <br> WYKONASZ TEST<\/span>\n\t\t\t\t\t<\/span>\n\t\t\t\t\t<\/a>\n\t\t\t\t<\/div>\n\t\t\t\t\t\t\t\t<\/div>\n\t\t\t\t<\/div>\n\t\t\t\t\t<\/div>\n\t\t\t\t<\/div>\n\t\t<div class=\"elementor-element elementor-element-55ef2ad e-con-full e-flex e-con e-parent\" data-id=\"55ef2ad\" data-element_type=\"container\">\n\t\t\t\t<div class=\"elementor-element elementor-element-19e21d0 elementor-widget-divider--view-line elementor-widget elementor-widget-divider\" data-id=\"19e21d0\" data-element_type=\"widget\" data-widget_type=\"divider.default\">\n\t\t\t\t<div class=\"elementor-widget-container\">\n\t\t\t\t\t\t\t<div class=\"elementor-divider\">\n\t\t\t<span class=\"elementor-divider-separator\">\n\t\t\t\t\t\t<\/span>\n\t\t<\/div>\n\t\t\t\t\t\t<\/div>\n\t\t\t\t<\/div>\n\t\t\t\t<\/div>\n\t\t<div class=\"elementor-element elementor-element-7e6eba8 e-flex e-con-boxed e-con e-parent\" data-id=\"7e6eba8\" data-element_type=\"container\">\n\t\t\t\t\t<div class=\"e-con-inner\">\n\t\t\t\t<div class=\"elementor-element elementor-element-70bea62 elementor-widget elementor-widget-image\" data-id=\"70bea62\" data-element_type=\"widget\" data-widget_type=\"image.default\">\n\t\t\t\t<div class=\"elementor-widget-container\">\n\t\t\t\t\t\t\t\t\t\t\t\t\t\t\t<img fetchpriority=\"high\" decoding=\"async\" width=\"398\" height=\"133\" src=\"https:\/\/gornoslaskiestowarzyszeniewspolnota.pl\/wp-content\/uploads\/2023\/10\/znaki_strona_www-1.png\" class=\"attachment-large size-large wp-image-44\" alt=\"\" srcset=\"https:\/\/gornoslaskiestowarzyszeniewspolnota.pl\/wp-content\/uploads\/2023\/10\/znaki_strona_www-1.png 398w, https:\/\/gornoslaskiestowarzyszeniewspolnota.pl\/wp-content\/uploads\/2023\/10\/znaki_strona_www-1-300x100.png 300w\" sizes=\"(max-width: 398px) 100vw, 398px\" \/>\t\t\t\t\t\t\t\t\t\t\t\t\t\t\t<\/div>\n\t\t\t\t<\/div>\n\t\t\t\t<div class=\"elementor-element elementor-element-2ae92dd elementor-widget elementor-widget-text-editor\" data-id=\"2ae92dd\" data-element_type=\"widget\" data-widget_type=\"text-editor.default\">\n\t\t\t\t<div class=\"elementor-widget-container\">\n\t\t\t\t\t\t\t\t\t<p>Zadanie: \u201cPunkt Konsultacyjno Diagnostyczny wykonuj\u0105cy anonimowo i bezp\u0142atnie testy na obecno\u015b\u0107 wirusa HIV <br \/>wraz z poradnictwem oko\u0142o-testowym\u201d dofinansowany jest ze \u015brodk\u00f3w bud\u017cetu pa\u0144stwa Warto\u015b\u0107 dofinansowania <br \/>w roku 2025 wynosi 169.386 z\u0142otych.<\/p>\t\t\t\t\t\t\t\t<\/div>\n\t\t\t\t<\/div>\n\t\t\t\t\t<\/div>\n\t\t\t\t<\/div>\n\t\t<div class=\"elementor-element elementor-element-5f12b60 e-flex e-con-boxed e-con e-parent\" data-id=\"5f12b60\" data-element_type=\"container\" data-settings=\"{&quot;background_background&quot;:&quot;classic&quot;}\">\n\t\t\t\t\t<div class=\"e-con-inner\">\n\t\t\t\t<div class=\"elementor-element elementor-element-b98c5f4 elementor-widget elementor-widget-heading\" data-id=\"b98c5f4\" data-element_type=\"widget\" data-widget_type=\"heading.default\">\n\t\t\t\t<div class=\"elementor-widget-container\">\n\t\t\t\t\t<h2 class=\"elementor-heading-title elementor-size-default\">O Stowarzyszeniu<\/h2>\t\t\t\t<\/div>\n\t\t\t\t<\/div>\n\t\t\t\t<div class=\"elementor-element elementor-element-4862f63 elementor-widget elementor-widget-text-editor\" data-id=\"4862f63\" data-element_type=\"widget\" data-widget_type=\"text-editor.default\">\n\t\t\t\t<div class=\"elementor-widget-container\">\n\t\t\t\t\t\t\t\t\t<ul><li>Pomoc osobom dotkni\u0119tym HIV\/AIDS, wirusami hepatropowymi (HBV, HCV) i ich rodzinom.<\/li><li>Pomoc grupom wsparcia dla zaka\u017conych.<\/li><li>Wspieranie materialne procesu terapeutyczno \u2013 rehabilitacyjnego.<\/li><li>Budowanie i wspieranie system\u00f3w i program\u00f3w terapii.<\/li><li>Wspieranie systemu profilaktyki HIV\/AIDS, HBV, HCV i narkomanii .<\/li><li>Dzia\u0142alno\u015b\u0107 na rzecz doskonalenia zawodowego pracownik\u00f3w medycznych w zakresie prewencji HIV\/AIDS, HBV i HCV.<\/li><li>Wspieranie dzia\u0142alno\u015bci naukowej i dydaktycznej.<\/li><li>Wspieranie plac\u00f3wek leczniczych, rehabilitacyjnych oraz prowadz\u0105cych dzia\u0142alno\u015b\u0107 profilaktyczn\u0105.<\/li><li>Realizacja projekt\u00f3w badawczych, profilaktycznych, leczniczych, rehabilitacyjnych na zlecenie organizacji i instytucji krajowych i zagranicznych.<\/li><li>Wspieranie rozwoju naukowego O\u015brodka Diagnostyki i Terapii AIDS oraz pracownik\u00f3w mi\u0119dzy innymi poprzez dofinansowanie wyjazd\u00f3w szkoleniowych, zakup literatury i pomocy naukowych .<\/li><\/ul>\t\t\t\t\t\t\t\t<\/div>\n\t\t\t\t<\/div>\n\t\t\t\t\t<\/div>\n\t\t\t\t<\/div>\n\t\t<div class=\"elementor-element elementor-element-b6dce1f e-flex e-con-boxed e-con e-parent\" data-id=\"b6dce1f\" data-element_type=\"container\" data-settings=\"{&quot;background_background&quot;:&quot;classic&quot;}\">\n\t\t\t\t\t<div class=\"e-con-inner\">\n\t\t\t\t<div class=\"elementor-element elementor-element-93ef07b elementor-widget elementor-widget-heading\" data-id=\"93ef07b\" data-element_type=\"widget\" data-widget_type=\"heading.default\">\n\t\t\t\t<div class=\"elementor-widget-container\">\n\t\t\t\t\t<h2 class=\"elementor-heading-title elementor-size-default\">HIV<\/h2>\t\t\t\t<\/div>\n\t\t\t\t<\/div>\n\t\t\t\t<div class=\"elementor-element elementor-element-75a242d elementor-widget elementor-widget-text-editor\" data-id=\"75a242d\" data-element_type=\"widget\" data-widget_type=\"text-editor.default\">\n\t\t\t\t<div class=\"elementor-widget-container\">\n\t\t\t\t\t\t\t\t\t<p>Na ryzyko zaka\u017cenia HIV nara\u017cony mo\u017ce by\u0107 ka\u017cdy &#8211; o mo\u017cliwo\u015bci zaka\u017cenia decyduj\u0105 ryzykowne zachowania, a nie przynale\u017cno\u015b\u0107 do okre\u015blonej grupy. Je\u015bli osoba nie jest \u015bwiadoma swojego zaka\u017cenia HIV \u2013 nie podejmuje leczenia, a to prowadzi do AIDS. Wirus HIV stopniowo os\u0142abia uk\u0142ad immunologiczny cz\u0142owieka, prowadz\u0105c do jego wyniszczenia.<\/p><p>Test w kierunku HIV \u2013 bez skierowania, anonimowo i bezp\u0142atnie.<br \/>Wa\u017cne jest wykonanie testu, gdy\u017c tylko w ten spos\u00f3b mo\u017cna dowiedzie\u0107 si\u0119 czy jest si\u0119 zaka\u017conym, czy nie. Istotny jest fakt, \u017ce wynik testu dotyczy tylko osoby, kt\u00f3ra go wykona\u0142a \u2013 partner sam musi zrobi\u0107 test, \u017ceby stwierdzi\u0107 czy jest zaka\u017cony, czy nie.<br \/>Test mo\u017cna bezp\u0142atnie i anonimowo wykona\u0107 w punktach konsultacyjno-diagnostycznych ds. HIV\/AIDS). Korzy\u015bci p\u0142yn\u0105ce z wykonania testu s\u0105 ogromne (r\u00f3wnie\u017c w przypadku wyniku dodatniego \u2013 zdecydowanie lepiej jest wiedzie\u0107 o zaka\u017ceniu HIV i podj\u0105\u0107 skuteczne leczenie ni\u017c \u017cy\u0107 w nie\u015bwiadomo\u015bci i pozwoli\u0107 mu si\u0119 rozwija\u0107).<\/p>\t\t\t\t\t\t\t\t<\/div>\n\t\t\t\t<\/div>\n\t\t\t\t\t<\/div>\n\t\t\t\t<\/div>\n\t\t<div class=\"elementor-element elementor-element-7f345d4 e-flex e-con-boxed e-con e-parent\" data-id=\"7f345d4\" data-element_type=\"container\">\n\t\t\t\t\t<div class=\"e-con-inner\">\n\t\t\t\t<div class=\"elementor-element elementor-element-25fb01f elementor-widget elementor-widget-heading\" data-id=\"25fb01f\" data-element_type=\"widget\" data-widget_type=\"heading.default\">\n\t\t\t\t<div class=\"elementor-widget-container\">\n\t\t\t\t\t<h2 class=\"elementor-heading-title elementor-size-default\">Do zaka\u017cenia mo\u017ce doj\u015b\u0107 <br>\nw przypadku:<\/h2>\t\t\t\t<\/div>\n\t\t\t\t<\/div>\n\t\t\t\t\t<\/div>\n\t\t\t\t<\/div>\n\t\t<div class=\"elementor-element elementor-element-664a580 e-flex e-con-boxed e-con e-parent\" data-id=\"664a580\" data-element_type=\"container\">\n\t\t\t\t\t<div class=\"e-con-inner\">\n\t\t\t\t<div class=\"elementor-element elementor-element-b9651fc elementor-widget elementor-widget-text-editor\" data-id=\"b9651fc\" data-element_type=\"widget\" data-widget_type=\"text-editor.default\">\n\t\t\t\t<div class=\"elementor-widget-container\">\n\t\t\t\t\t\t\t\t\t<p><strong>kontaktu seksualnego <\/strong><br \/><strong>z zaka\u017con\u0105 osob\u0105<\/strong> <br \/>-w celu zabezpieczenia si\u0119 przed zaka\u017ceniem HIV nale\u017cy u\u017cywa\u0107 prezerwatyw.<br \/>Prezerwatywa powinna posiada\u0107 atest (symbol CE) i nie powinna by\u0107 przeterminowana. Nale\u017cy stosowa\u0107 si\u0119 do instrukcji na opakowaniu i u\u017cywa\u0107 zabezpieczenia od pocz\u0105tku do ko\u0144ca kontaktu seksualnego.<\/p>\t\t\t\t\t\t\t\t<\/div>\n\t\t\t\t<\/div>\n\t\t\t\t<div class=\"elementor-element elementor-element-416eec8 elementor-widget elementor-widget-text-editor\" data-id=\"416eec8\" data-element_type=\"widget\" data-widget_type=\"text-editor.default\">\n\t\t\t\t<div class=\"elementor-widget-container\">\n\t\t\t\t\t\t\t\t\t<p><strong>kontaktu z zaka\u017con\u0105 krwi\u0105<\/strong> <br \/>&#8211; osoby za\u017cywaj\u0105ce narkotyki, aby ograniczy\u0107 ryzyko zaka\u017cenia, nie powinny u\u017cywa\u0107 wsp\u00f3lnego sprz\u0119tu, kt\u00f3ry jest potencjalnie zagra\u017caj\u0105cy.<br \/>Narkotyki i alkohol s\u0105 czynnikami po\u015brednimi maj\u0105cymi wp\u0142yw na zaka\u017cenie &#8211; w stanie odurzenia \u0142atwiej zdecydowa\u0107 si\u0119 na przypadkowe zbli\u017cenie seksualne i odbycie stosunku bez prezerwatywy.<br \/>Do zaka\u017cenia HIV mo\u017ce doj\u015b\u0107 poprzez wszelkie narz\u0119dzia, kt\u00f3re mog\u0105 by\u0107 zanieczyszczone krwi\u0105 innej osoby.<br \/>Spraw\u0105 istotn\u0105 w profilaktyce zaka\u017cenia jest nie korzystanie z cudzej szczoteczki do z\u0119b\u00f3w, maszynki do golenia lub innych narz\u0119dzi, kt\u00f3re mog\u0142y zosta\u0107 ska\u017cone krwi\u0105.<\/p>\t\t\t\t\t\t\t\t<\/div>\n\t\t\t\t<\/div>\n\t\t\t\t<div class=\"elementor-element elementor-element-dae57b5 elementor-widget elementor-widget-text-editor\" data-id=\"dae57b5\" data-element_type=\"widget\" data-widget_type=\"text-editor.default\">\n\t\t\t\t<div class=\"elementor-widget-container\">\n\t\t\t\t\t\t\t\t\t<p><strong>zaka\u017cenia p\u0142odu przez matk\u0119<\/strong> <br \/>&#8211; wskazane jest, \u017ceby przysz\u0142a mama i przysz\u0142y tata zrobili sobie test w kierunku HIV. Kobieta, kt\u00f3ra jest \u015bwiadoma swojego zaka\u017cenia mo\u017ce zmniejszy\u0107 ryzyko przeniesienia zaka\u017cenia na dziecko prawie do zera.<\/p>\t\t\t\t\t\t\t\t<\/div>\n\t\t\t\t<\/div>\n\t\t\t\t\t<\/div>\n\t\t\t\t<\/div>\n\t\t\t\t<\/div>\n\t\t","protected":false},"excerpt":{"rendered":"<p>Zanim przejdziemy do gry zr\u00f3bmy test: JA i TY BEZP\u0141ATNE I ANONIMOWE TESTY W KIERUNKU HIV, HCV, KI\u0141Y NAJBLI\u017bSZY PUNKT KONSULTACYJNO \u2013 DIAGNOSTYCZNY: Chorz\u00f3w, Zjednoczenia 10 Tel. 32 34 63 611Kieruj si\u0119 na\u2028Szpital Specjalistyczny w Chorzowie \u2028budynek IV, gabinet nr 6. Test w kierunku HIV bez skierowania anonimowo bezp\u0142atnie Wa\u017cne jest wykonanie testu, gdy\u017c tylko [&hellip;]<\/p>\n","protected":false},"author":1,"featured_media":0,"parent":0,"menu_order":0,"comment_status":"closed","ping_status":"closed","template":"","meta":{"footnotes":""},"class_list":["post-14","page","type-page","status-publish","hentry"],"_links":{"self":[{"href":"https:\/\/gornoslaskiestowarzyszeniewspolnota.pl\/index.php?rest_route=\/wp\/v2\/pages\/14","targetHints":{"allow":["GET"]}}],"collection":[{"href":"https:\/\/gornoslaskiestowarzyszeniewspolnota.pl\/index.php?rest_route=\/wp\/v2\/pages"}],"about":[{"href":"https:\/\/gornoslaskiestowarzyszeniewspolnota.pl\/index.php?rest_route=\/wp\/v2\/types\/page"}],"author":[{"embeddable":true,"href":"https:\/\/gornoslaskiestowarzyszeniewspolnota.pl\/index.php?rest_route=\/wp\/v2\/users\/1"}],"replies":[{"embeddable":true,"href":"https:\/\/gornoslaskiestowarzyszeniewspolnota.pl\/index.php?rest_route=%2Fwp%2Fv2%2Fcomments&post=14"}],"version-history":[{"count":61,"href":"https:\/\/gornoslaskiestowarzyszeniewspolnota.pl\/index.php?rest_route=\/wp\/v2\/pages\/14\/revisions"}],"predecessor-version":[{"id":101,"href":"https:\/\/gornoslaskiestowarzyszeniewspolnota.pl\/index.php?rest_route=\/wp\/v2\/pages\/14\/revisions\/101"}],"wp:attachment":[{"href":"https:\/\/gornoslaskiestowarzyszeniewspolnota.pl\/index.php?rest_route=%2Fwp%2Fv2%2Fmedia&parent=14"}],"curies":[{"name":"wp","href":"https:\/\/api.w.org\/{rel}","templated":true}]}}